). Is (-2980)/8*v/25 a prime number?
True
Suppose 0 = -7*z + 8*z + 9. Let u(a) = a**3 + 12*a**2 + 7*a - 1. Let k be u(z). Let g = k - 0. Is g a composite number?
False
Let k(l) = 2*l + 11. Let z be k(-4). Suppose 13 - z = -5*j, 0 = -4*m + 2*j + 360. Is m prime?
True
Suppose -m - s = -2, 7*m + 10 = 9*m + 5*s. Suppose 3*b - 2769 = -m*z - 4*z, -b + 4*z = -907. Is b composite?
False
Let g be (7 + -7)*(-1)/(-2). Suppose 4*u + g*u = -48. Is -514*2/u*3 prime?
True
Suppose 26*a = 550250 + 400076. Is a a composite number?
False
Let x(i) = 20*i**3 + 19*i + 8. Is x(7) composite?
False
Suppose -2*t = 5 - 15. Suppose 7*o - 6 = t*o. Suppose 269 = o*b - 157. Is b a composite number?
True
Let g be 2/(3 + -4) - -6. Suppose 4*d - 3082 = 5*b - 2*b, 0 = -g*d - 5*b + 3066. Is d prime?
True
Let b = -30 + 29. Is 30/b*(-3)/6 a composite number?
True
Suppose 4*i + 52 = 5*t, -20 = 2*t - 3*t + 4*i. Suppose -30 = -t*h + 2*h. Suppose -h*v + 2348 = m, 0 = 4*m - 1 - 11. Is v a composite number?
True
Suppose 94269 + 82406 = 25*j. Is j a prime number?
False
Let t(v) = -64*v - 223. Is t(-9) composite?
False
Let m(w) = 58*w - 23. Let o be (-1897)/(-91) - 4/(-26). Is m(o) a composite number?
True
Suppose -x - 2*k = -117, k - 2*k - 108 = -x. Suppose 589 = -5*i - x. Let j = i + 285. Is j a prime number?
False
Let s be (1 + -3)/((-2)/41). Suppose y + s = 5*k, 2*k + k - 4*y = 11. Suppose n + k = 44. Is n composite?
True
Let x(l) = 819*l**3 - l**2 + 5*l - 2. Let v(c) = 820*c**3 - c**2 + 6*c - 3. Let q(z) = 4*v(z) - 5*x(z). Is q(-1) a prime number?
False
Suppose -4*m + 1774 = -438. Is m prime?
False
Suppose 0 = -4*w - w + 75. Let l = 132 - 79. Let i = l - w. Is i composite?
True
Suppose 4*l - 5*n + 6 = -2, -5*l + 3*n + 3 = 0. Suppose -o = -2*b + 3*b - 145, 0 = l*o - 5*b - 467. Is o composite?
False
Suppose 1061 = s + 4*v, -5*s + 5*v = 2*v - 5305. Is s prime?
True
Suppose 7*q = 6*q + 138. Suppose a - 136 = q. Is a a composite number?
True
Let f(g) = g**3 + g**2 + g + 5. Suppose -j + 2 = c, -2*c + c = 3*j - 2. Let w be f(j). Is -2*w/((-40)/348) a composite number?
True
Suppose -l - 10599 = -4*m, 5*m - 18817 + 5537 = -5*l. Is m composite?
True
Is (22 - 0)*14/(252/3303) a composite number?
True
Let x = -9 + 3. Let q be (-9)/(-54) - (-559)/x. Is (4 - (-52)/(-12))*q a prime number?
True
Let t = -4 - -5. Suppose -2*g + t = -g. Is g/(((-2)/(-598))/1) a composite number?
True
Let l(x) = -13*x + 8. Let z be l(-7). Let g(j) = j**2 - 10*j + 9. Let d be g(9). Suppose 2*t + t - r - z = d, -5*t + 2*r = -165. Is t prime?
False
Suppose 0 = 6*p - 4*p - 8. Let u be 23/((-69)/(-1512)) - 5. Suppose p*o - u = -3*m, 3*o - 449 = -m - 71. Is o a prime number?
True
Suppose j - 5*b - 39 = -b, 3*j + 2*b = 47. Let x(a) = -a**3 + 21*a**2 - 23*a - 20. Is x(j) composite?
True
Let q(p) = 2*p + 11. Let a be q(-4). Is (a/6)/((-7107)/2370 + 3) a prime number?
False
Let p = -3182 - -6693. Is p a composite number?
False
Suppose 0 = 4*b + 46 - 26. Is 2239 + (4 - 0/b) a composite number?
False
Let w = 70130 + -10529. Is w prime?
False
Let w = -13481 - -19570. Is w a composite number?
False
Let p = -5581 + 10412. Is p a composite number?
False
Suppose 0 = 2*z + 3*r, -3*r = -z - 0*r - 18. Is (-7266)/(-4)*z/(-9) prime?
False
Let w = 32 + -29. Suppose 928 + 4250 = 4*p + w*h, 5*h + 6455 = 5*p. Is p a prime number?
False
Suppose 11*y - 399787 = 208590. Is y prime?
False
Let t be (-7 - -8 - 2/4)*0. Suppose -4*d - 1710 + 75 = -c, 5*c - d - 8194 = t. Is c a composite number?
True
Let n(w) = -w**3 + 36*w**2 + 42. Is n(32) prime?
False
Let g = 4649 - 3306. Is g a prime number?
False
Let g be (216/20)/((-4)/(-10)). Suppose 0 = -g*n + 22*n + 1645. Is n a composite number?
True
Let i = 106 + -124. Is 84/i*(-261)/6 a composite number?
True
Suppose 0 = -5*x + x - 5*h + 12, x + 5*h = 3. Suppose 203 = x*q + 1415. Let i = q + 713. Is i a prime number?
False
Is 4/(-2)*((-37929)/6)/1 prime?
False
Let p = -11266 + 16559. Is p a prime number?
False
Let m = 1007 - -1568. Let n = m - 1316. Is n composite?
False
Let x be -15*((-13)/(-3) - 4). Let c be 1/x + (-16)/(-5). Is ((-742)/(-21))/(2/c) composite?
False
Suppose 0 = -11*b + 2*b - 27. Let l(o) = 224*o**2 - 6*o - 3. Is l(b) composite?
True
Is ((-8)/(-16))/(3 + (-72497)/24166) prime?
False
Suppose -2*s + 5*p - 151 = 0, -s - 4*s - 346 = -2*p. Let m = 169 - s. Is m a prime number?
False
Let c be (4 + -6)/(3 - (-16863)/(-5619)). Let v = c + -930. Is v a prime number?
False
Suppose -4*v + 9*v = -2*i + 16011, 5*i - 9599 = -3*v. Is v a composite number?
False
Let l = 73 + -73. Suppose l = -3*s - 4*s + 11921. Is s a composite number?
True
Let p be 2 + -3 - 0 - -3. Suppose 2*m - 399 = c - 4*c, p*m = 3*c - 387. Is c a composite number?
False
Let f(i) = 259*i**2 - 3*i + 4. Let r(m) = -m + 1. Let z be r(-2). Is f(z) a prime number?
False
Let q = 11063 - 1420. Is q composite?
False
Suppose 4*z + 0*o = 2*o + 116, 2*o = z - 23. Let w = 126 + z. Let l = w - 102. Is l composite?
True
Let v(b) = 102*b + 19. Is v(5) a prime number?
False
Let b(l) = l**3 - l. Let r be b(1). Suppose -i + 23 = -c - r, 0 = 5*i + 2*c - 136. Suppose i = 3*p - p. Is p a composite number?
False
Is (138/(-18) + 8)*2739 composite?
True
Let y = 1242 - 373. Is y prime?
False
Suppose 5*g - 2*w = 134911, 134917 = 20*g - 15*g - 4*w. Is g composite?
False
Let f = -42 + -50. Let o = 295 + f. Is o prime?
False
Let q(a) = 1653*a**2 + 31*a - 181. Is q(5) a prime number?
True
Let u = 59 - 58. Is 1358 + (4/u - (-2 - -3)) a composite number?
False
Suppose 14 = 5*d + 84. Let a be 6/d + (-368)/56. Let z(f) = f**3 + 10*f**2 + 6*f + 8. Is z(a) prime?
True
Let k = 3284 + 2877. Is k composite?
True
Is (3 + 0)*-2*(-5885)/30 a prime number?
False
Let r = -35 + 35. Suppose 4*n = -5*d + 5898, r = -n - 4*d + 3*d + 1475. Is n a prime number?
False
Let p be 1/(1 + (-354)/355). Is p/4 + 20/80 composite?
False
Suppose 7*h - 6*h - 259 = 3*a, -a = 4*h - 1023. Let j(z) = -80*z + 1. Let c be j(1). Let x = c + h. Is x a prime number?
False
Is (9/6)/(-3)*(-1 - 62947) composite?
True
Let f(h) = h**3 - 4*h**2 - 2*h + 1. Let d be f(5). Suppose 0*i - 4*i = -d. Let c(l) = l**3 - 2*l**2 - 3*l - 1. Is c(i) a composite number?
False
Let w be (8/(-3))/(-10*1/(-135)). Let c = 3668 + -2589. Let n = c + w. Is n a prime number?
False
Let u = -2 + 2. Let o = -148 - -214. Suppose -o = -u*h - 3*h. Is h a composite number?
True
Let q(k) = k**2 + 4*k + 5. Let r be q(-5). Suppose -r + 6 = -o. Suppose i - 4289 = -o*l - 2*i, i - 5364 = -5*l. Is l prime?
False
Let g(y) = 13*y**2 - 3*y - 33. Is g(-5) a composite number?
False
Let s(k) = -10*k - 4*k + 3*k**2 + 30 + 11*k**2 - k**3 - k. Let p be s(13). Suppose 2*i + p*m + 9 = 267, 256 = 2*i + 2*m. Is i a prime number?
True
Let i(y) = -30*y - 147*y - 51*y + 14 - 7. Is i(-3) composite?
False
Let f(g) = 30*g - 2 + 46*g**2 + 1 - 6 - 25*g. Is f(4) a prime number?
False
Let k(z) = -z + 5. Let r be k(2). Suppose -3*f = -2*y + 19, 0 = 3*y - y + f + 1. Suppose -r*n = 4*w - 3*w - 47, -y*n + 94 = 2*w. Is w prime?
True
Suppose 5*v + 4*a - 20 = 3*v, a = -v + 5. Let l be ((-8)/(-5))/(12/5730). Suppose v = -5*m + 9*m - l. Is m prime?
True
Suppose -6*u - 18 = -3*u. Is (1/u - (-4)/8)*879 prime?
True
Let b = 669 - -1664. Is b a composite number?
False
Let t(d) be the third derivative of -37*d**4/12 + 7*d**3/6 + 5*d**2. Is t(-11) a prime number?
True
Let j = -573 + 1316. Is j a prime number?
True
Suppose 17*d + 146702 = 21*d - 2*y, 146717 = 4*d + 3*y. Is d composite?
False
Let a(h) = h**3 - 3*h**2 + h - 1. Let r be a(2). Let p = 13 - 19. Is (-671)/(-2) - r/p composite?
True
Let v(t) = -236*t + 9. Let l(o) = -o**3 + 5*o**2 - 3*o - 3. Let r be l(3). Let n be v(r). Let b = -776 - n. Is b prime?
True
Let n(d) = d**3 - 6*d**2 + 5*d + 5. Let q be n(5). Suppose q = 4*r - 15. Suppose r*m - 16 = -1, 3*k - 642 = -3*m. Is k a prime number?
True
Let t(g) be the second derivative of 55*g**3/3 - 29*g**2/2 - 28*g + 2. Is t(9) composite?
True
Let u = 6213 + 385. Is u a prime number?
False
Let x be 5/4 - 2/8. Is 0*(-3)/9 + (192 - x) prime?
True
Suppose 4*c + 10 = -m + 6*m, -4*c - 4*m - 28 = 0. Is -3*(-815)/75 - 2/c composite?
True
Let b(s) = 5*s**3 - s**2 + 2. Let p be b(-1). Is 1533/5 - p/10 composite?
False
Let y = -2 + -27. Let b = y + 195. Is b prime?
False
Let d be 1*-1 - (-1